{"id":18,"date":"2025-06-03T11:59:42","date_gmt":"2025-06-03T11:59:42","guid":{"rendered":"https:\/\/server-82.de\/illing-schilling\/?page_id=18"},"modified":"2025-12-15T09:31:40","modified_gmt":"2025-12-15T09:31:40","slug":"startseite","status":"publish","type":"page","link":"https:\/\/illing-schilling.de\/","title":{"rendered":"Startseite"},"content":{"rendered":"<div id='av_section_1'  class='avia-section av-mbrhw72i-7df88733ff722517c9e3bc761cea02e1 main_color avia-section-default avia-no-border-styling  avia-builder-el-0  el_before_av_section  avia-builder-el-first  avia-bg-style-scroll av-minimum-height av-minimum-height-100 av-height-100  av-section-with-video-bg container_wrap sidebar_right'   data-av_minimum_height_pc='100' data-av_min_height_opt='100' data-section-video-ratio='16:9'><div  class='avia-slideshow av_slideshow_obj-1-69f49cb7368b2 avia-slideshow-featured av_slideshow avia-slide-slider av-slideshow-ui av-control-default av-slideshow-manual av-loop-once av-loop-manual-endless av-default-height-applied  av-section-video-bg avia-slideshow-1' data-slideshow-options=\"{&quot;animation&quot;:&quot;slide&quot;,&quot;autoplay&quot;:false,&quot;loop_autoplay&quot;:&quot;once&quot;,&quot;interval&quot;:5,&quot;loop_manual&quot;:&quot;manual-endless&quot;,&quot;autoplay_stopper&quot;:false,&quot;noNavigation&quot;:false,&quot;bg_slider&quot;:false,&quot;keep_padding&quot;:false,&quot;hoverpause&quot;:false,&quot;show_slide_delay&quot;:0}\"  itemprop=\"image\" itemscope=\"itemscope\" itemtype=\"https:\/\/schema.org\/ImageObject\" ><ul class='avia-slideshow-inner ' style='padding-bottom: 28.666666666667%;'><li  data-controls='disabled' data-mute='aviaTBaviaTBvideo_mute' data-loop='1' data-disable-autoplay=''  data-video-ratio='1.7777777777778' class='avia-slideshow-slide av_slideshow_obj-1-69f49cb7368b2__0  av-video-slide  av-video-service-html5  av-hide-video-controls av-mute-video av-loop-video  av-single-slide slide-1 slide-odd'><div data-rel='slideshow-1' class='avia-slide-wrap '    itemprop=\"video\" itemtype=\"https:\/\/schema.org\/VideoObject\" ><div class='av-click-overlay'><\/div><video class='avia_video'  autoplay playsinline loop preload=\"metadata\" muted  id='player_18_413979378_1714117873'><source src=\"https:\/\/illing-schilling.de\/wp-content\/uploads\/2025\/06\/0_Hexagon_Hard_3840x2160.mp4\" type=\"video\/mp4\" \/><\/video><div class=\"av-click-to-play-overlay\"><div class=\"avia_playpause_icon\"><\/div><\/div><\/div><\/li><\/ul><\/div><div class=\"av-section-color-overlay-wrap\"><a href='#next-section' title='' class='scroll-down-link  avia-svg-icon avia-font-svg_entypo-fontello' data-av_svg_icon='down-open-mini' data-av_iconset='svg_entypo-fontello'><svg version=\"1.1\" xmlns=\"http:\/\/www.w3.org\/2000\/svg\" width=\"15\" height=\"32\" viewBox=\"0 0 15 32\" preserveAspectRatio=\"xMidYMid meet\" aria-labelledby='av-svg-title-1' aria-describedby='av-svg-desc-1' role=\"graphics-symbol\" aria-hidden=\"true\">\n<title id='av-svg-title-1'>Scroll to next section<\/title>\n<desc id='av-svg-desc-1'>Scroll to next section<\/desc>\n<path d=\"M12.96 12.16q0.704-0.832 1.536 0 0.832 0.704 0 1.536l-6.272 6.144q-0.704 0.704-1.536 0l-6.272-6.144q-0.832-0.832 0-1.536 0.768-0.768 1.6 0l5.44 4.992z\"><\/path>\n<\/svg><\/a><div class='container av-section-cont-open' ><main  role=\"main\" itemprop=\"mainContentOfPage\"  class='template-page content  av-content-small alpha units'><div class='post-entry post-entry-type-page post-entry-18'><div class='entry-content-wrapper clearfix'>\n\n<style type=\"text\/css\" data-created_by=\"avia_inline_auto\" id=\"style-css-av-mbri1y4b-ac47893001c9ade20fa885b6f2851727\">\n.avia-image-container.av-mbri1y4b-ac47893001c9ade20fa885b6f2851727 img.avia_image{\nbox-shadow:none;\n}\n.avia-image-container.av-mbri1y4b-ac47893001c9ade20fa885b6f2851727 .av-image-caption-overlay-center{\ncolor:#ffffff;\n}\n<\/style>\n<div  class='avia-image-container av-mbri1y4b-ac47893001c9ade20fa885b6f2851727 av-styling- avia_animated_image av-animated-when-visible-95 fade-in-down avia-align-center  avia-builder-el-1  el_before_av_hr  avia-builder-el-first '   itemprop=\"image\" itemscope=\"itemscope\" itemtype=\"https:\/\/schema.org\/ImageObject\" ><div class=\"avia-image-container-inner\"><div class=\"avia-image-overlay-wrap\"><img decoding=\"async\" fetchpriority=\"high\" class='wp-image-22 avia-img-lazy-loading-not-22 avia_image ' src=\"https:\/\/illing-schilling.de\/wp-content\/uploads\/2025\/06\/Element-2@5x-300x288.png\" alt='' title='Element 2@5x'  height=\"288\" width=\"300\"  itemprop=\"thumbnailUrl\" srcset=\"https:\/\/illing-schilling.de\/wp-content\/uploads\/2025\/06\/Element-2@5x-300x288.png 300w, https:\/\/illing-schilling.de\/wp-content\/uploads\/2025\/06\/Element-2@5x-1030x989.png 1030w, https:\/\/illing-schilling.de\/wp-content\/uploads\/2025\/06\/Element-2@5x-768x737.png 768w, https:\/\/illing-schilling.de\/wp-content\/uploads\/2025\/06\/Element-2@5x-1536x1474.png 1536w, https:\/\/illing-schilling.de\/wp-content\/uploads\/2025\/06\/Element-2@5x-2048x1966.png 2048w, https:\/\/illing-schilling.de\/wp-content\/uploads\/2025\/06\/Element-2@5x-36x36.png 36w, https:\/\/illing-schilling.de\/wp-content\/uploads\/2025\/06\/Element-2@5x-1500x1440.png 1500w, https:\/\/illing-schilling.de\/wp-content\/uploads\/2025\/06\/Element-2@5x-705x677.png 705w\" sizes=\"(max-width: 300px) 100vw, 300px\" \/><\/div><\/div><\/div>\n\n<style type=\"text\/css\" data-created_by=\"avia_inline_auto\" id=\"style-css-av-mbri3nx7-843e76697a10e3b4976c1c03d8023f9e\">\n#top .hr.hr-invisible.av-mbri3nx7-843e76697a10e3b4976c1c03d8023f9e{\nheight:50px;\n}\n<\/style>\n<div  class='hr av-mbri3nx7-843e76697a10e3b4976c1c03d8023f9e hr-invisible  avia-builder-el-2  el_after_av_image  el_before_av_textblock '><span class='hr-inner '><span class=\"hr-inner-style\"><\/span><\/span><\/div>\n<section  class='av_textblock_section av-mbri1lkf-6e87e28481f57e99c86c2ff71a15abdf '   itemscope=\"itemscope\" itemtype=\"https:\/\/schema.org\/CreativeWork\" ><div class='avia_textblock'  itemprop=\"text\" ><\/div><\/section>\n\n<\/div><\/div><\/main><!-- close content main element --><\/div><\/div><\/div>\n<style type=\"text\/css\" data-created_by=\"avia_inline_auto\" id=\"style-css-av-mbghev20-d5626b245881bc583899f8f564e7e40f\">\n.avia-section.av-mbghev20-d5626b245881bc583899f8f564e7e40f{\nbackground-color:#ffffff;\nbackground-image:unset;\n}\n<\/style>\n<div id='av_section_2'  class='avia-section av-mbghev20-d5626b245881bc583899f8f564e7e40f main_color avia-section-default avia-no-border-styling  avia-builder-el-4  el_after_av_section  el_before_av_layerslider  avia-bg-style-scroll container_wrap sidebar_right'  ><div class='container av-section-cont-open' ><div class='template-page content  av-content-small alpha units'><div class='post-entry post-entry-type-page post-entry-18'><div class='entry-content-wrapper clearfix'>\n<section  class='av_textblock_section av-mbghffmv-af6c26f6454ceb4f0423d445925cdd8a '   itemscope=\"itemscope\" itemtype=\"https:\/\/schema.org\/CreativeWork\" ><div class='avia_textblock av_inherit_color'  itemprop=\"text\" ><p style=\"text-align: center;\">Seit Firmengr\u00fcndung im Jahr 1991 haben wir uns zu einem leistungsf\u00e4higen Partner f\u00fcr individuelle Metallbearbeitung entwickelt. Wir fertigen u.a. Schaltschr\u00e4nke, Klemmk\u00e4sten, Blechbauteile sowie Schwei\u00dfkonstruktionen, vom Prototyp bis hin zu kleinen und mittleren Serien. Seit 2024 sind wir au\u00dferdem als Systemlieferant f\u00fcr Sie da. Unser Schwerpunkt liegt dabei in der Fertigung von Vorrichtungen und automatisierten Systemen.<\/p>\n<\/div><\/section>\n\n<\/div><\/div><\/div><!-- close content main div --><\/div><\/div><div id='layer_slider_1'  class='avia-layerslider main_color avia-shadow  avia-builder-el-6  el_after_av_section  el_before_av_section  slider-not-first container_wrap sidebar_right'  style='height: 721px;'  ><\/div>\n<div id='av_section_3'  class='avia-section av-4osei-8470afc67f1f4545bda59eb0cfde7d11 main_color avia-section-default avia-no-border-styling  avia-builder-el-7  el_after_av_layerslider  el_before_av_one_full  avia-bg-style-scroll container_wrap sidebar_right'  ><div class='container av-section-cont-open' ><div class='template-page content  av-content-small alpha units'><div class='post-entry post-entry-type-page post-entry-18'><div class='entry-content-wrapper clearfix'>\n<div  class='flex_column av-3w3au-2de539f4fa92de4c8f078511f8f00b2d av_one_half  avia-builder-el-8  el_before_av_one_half  avia-builder-el-first  first flex_column_div  '     ><section  class='av_textblock_section av-mbq34zn3-38aac4514457c0bab1e0f840c52251a2 '   itemscope=\"itemscope\" itemtype=\"https:\/\/schema.org\/CreativeWork\" ><div class='avia_textblock'  itemprop=\"text\" ><h3 data-start=\"140\" data-end=\"201\"><strong data-start=\"143\" data-end=\"201\">Illing &#038; Schilling GmbH \u2013 Pr\u00e4zision in Blech seit 1991<\/strong><\/h3>\n<p data-start=\"203\" data-end=\"559\">Die Illing &#038; Schilling GmbH mit Sitz in Scheibenberg (Erzgebirge) ist Ihr zuverl\u00e4ssiger Partner f\u00fcr hochwertige Blechbearbeitung, Geh\u00e4usetechnik und ma\u00dfgeschneiderte Metalll\u00f6sungen. Seit \u00fcber drei Jahrzehnten stehen wir f\u00fcr handwerkliche Pr\u00e4zision, technische Kompetenz und verl\u00e4ssliche Auftragsabwicklung \u2013 von der Einzelanfertigung bis zur Serienproduktion.<\/p>\n<p data-start=\"561\" data-end=\"999\">Unser Leistungsspektrum reicht von der Herstellung individueller Schaltschr\u00e4nke, Klemmk\u00e4sten und 19-Zoll-Systeme \u00fcber pr\u00e4zise Schwei\u00dfkonstruktionen bis hin zu ma\u00dfangefertigten Produkten wie Gartenm\u00f6bel oder Schwibb\u00f6gen. Dank eines modernen Maschinenparks, CAD-gest\u00fctzter Fertigung und schlanken Produktionsprozessen k\u00f6nnen wir flexibel auf Kundenw\u00fcnsche reagieren und komplexe Anforderungen wirtschaftlich umsetzen.<\/p>\n<p data-start=\"1001\" data-end=\"1353\">Was uns auszeichnet, ist unsere hohe Fertigungstiefe: Vom Laserschneiden \u00fcber Pulverbeschichtung und CNC-Fr\u00e4sen bis hin zur Montage und Oberfl\u00e4chenveredelung erfolgt nahezu alles im eigenen Haus. So garantieren wir nicht nur gleichbleibend hohe Qualit\u00e4t, sondern auch kurze Wege, schnelle Lieferzeiten und volle Kontrolle \u00fcber jeden Produktionsschritt.<\/p>\n<p data-start=\"1355\" data-end=\"1788\">Als mittelst\u00e4ndisches Unternehmen setzen wir auf partnerschaftliche Zusammenarbeit, langfristiges Denken und kontinuierliche Weiterentwicklung. Nach einer erfolgreichen Neustrukturierung investieren wir gezielt in Digitalisierung, Nachhaltigkeit und technische Innovation \u2013 um Ihnen auch in Zukunft als starker, regional verwurzelter und zugleich zukunftsorientierter Fertigungspartner zur Seite zu stehen.<\/p>\n<p data-start=\"1790\" data-end=\"1856\"><strong data-start=\"1790\" data-end=\"1856\">Illing &#038; Schilling \u2013 Technik, die passt. Qualit\u00e4t, die bleibt.<\/strong><\/p>\n<\/div><\/section><\/div><div  class='flex_column av-3ilym-32191bed40f07ee92b79054faeb5c999 av_one_half  avia-builder-el-10  el_after_av_one_half  avia-builder-el-last  flex_column_div  '     ><section  class='av_textblock_section av-mbq35gae-7d3b1489169697e60d218e578a45c583 '   itemscope=\"itemscope\" itemtype=\"https:\/\/schema.org\/CreativeWork\" ><div class='avia_textblock'  itemprop=\"text\" ><h3>Warum Wir ?<\/h3>\n<\/div><\/section><br \/>\n\n<style type=\"text\/css\" data-created_by=\"avia_inline_auto\" id=\"style-css-av-mbq3o3xk-0c1002103829cee3a545229c41893c82\">\n#top .avia-icon-list-container.av-mbq3o3xk-0c1002103829cee3a545229c41893c82 .iconlist_icon{\ncolor:#ffffff;\nbackground-color:#1a1f4c;\n}\n#top .avia-icon-list-container.av-mbq3o3xk-0c1002103829cee3a545229c41893c82 .iconlist_icon svg:first-child{\nstroke:#ffffff;\nfill:#ffffff;\n}\n#top #wrap_all .avia-icon-list-container.av-mbq3o3xk-0c1002103829cee3a545229c41893c82 .av_iconlist_title{\ncolor:#1a1f4c;\n}\n.avia-icon-list-container.av-mbq3o3xk-0c1002103829cee3a545229c41893c82 .iconlist_content{\ncolor:#000000;\n}\n<\/style>\n<div  class='avia-icon-list-container av-mbq3o3xk-0c1002103829cee3a545229c41893c82  avia-builder-el-12  el_after_av_textblock  avia-builder-el-last '><ul class='avia-icon-list avia_animate_when_almost_visible avia-icon-list-left av-iconlist-big av-mbq3o3xk-0c1002103829cee3a545229c41893c82 avia-iconlist-animate'>\n<li><div class='iconlist_icon av-mbq3ksl1-cd53a4436d08a24dd60eb99ad8c961ca avia-font-svg_entypo-fontello avia-svg-icon avia-font-svg_entypo-fontello'><span class='av-icon-char' data-av_svg_icon='tag' data-av_iconset='svg_entypo-fontello'><svg version=\"1.1\" xmlns=\"http:\/\/www.w3.org\/2000\/svg\" width=\"31\" height=\"32\" viewBox=\"0 0 31 32\" preserveAspectRatio=\"xMidYMid meet\" aria-labelledby='av-svg-title-2' aria-describedby='av-svg-desc-2' role=\"graphics-symbol\" aria-hidden=\"true\">\n<title id='av-svg-title-2'>Tag<\/title>\n<desc id='av-svg-desc-2'>Tag<\/desc>\n<path d=\"M30.208 0.64q1.152 3.392-0.256 6.368t-4.096 5.024l0.576 0.768q0.512 0.896 0.192 1.728l-1.536 5.056q-0.384 0.96-1.152 1.472l-14.848 10.496q-1.344 0.96-2.048-0.128l-6.72-9.728q-0.384-0.576-0.288-1.248t0.672-1.056l14.848-10.496q0.832-0.576 1.728-0.576h5.056q0.96 0 1.536 0.832l0.896 1.28q5.376-4.16 3.648-9.152-0.32-0.896 0.576-1.28 1.024-0.256 1.216 0.64zM23.296 15.616q1.28-1.024 1.088-2.56l-1.024 0.512q-0.256 0.128-0.384 0.128-0.576 0-0.896-0.576-0.384-0.96 0.512-1.28l0.768-0.448q-1.536-1.088-2.944 0-0.896 0.576-1.088 1.632t0.448 1.952q0.576 0.832 1.632 1.024t1.888-0.384z\"><\/path>\n<\/svg><\/span><\/div><article class=\"article-icon-entry \"  itemscope=\"itemscope\" itemtype=\"https:\/\/schema.org\/CreativeWork\" ><div class=\"iconlist_content_wrap\"><header class=\"entry-content-header\" aria-label=\"Icon: Erfahrung &amp; Qualit\u00e4t\"><h4 class='av_iconlist_title iconlist_title  av_inherit_color'  itemprop=\"headline\" >Erfahrung & Qualit\u00e4t<\/h4><\/header><div class='iconlist_content av_inherit_color'  itemprop=\"text\" ><p>\u00dcber 30 Jahre Know-how in Metallverarbeitung und Geh\u00e4usetechnik \u2013 mit h\u00f6chstem Anspruch an Pr\u00e4zision und Langlebigkeit.<\/p>\n<\/div><\/div><footer class=\"entry-footer\"><\/footer><\/article><div class=\"iconlist-timeline\"><\/div><\/li>\n<li><div class='iconlist_icon av-mbq3l9uh-8cdfdcbfb0c908cda39c71fcdf5fb78e avia-font-svg_entypo-fontello avia-svg-icon avia-font-svg_entypo-fontello'><span class='av-icon-char' data-av_svg_icon='cog' data-av_iconset='svg_entypo-fontello'><svg version=\"1.1\" xmlns=\"http:\/\/www.w3.org\/2000\/svg\" width=\"27\" height=\"32\" viewBox=\"0 0 27 32\" preserveAspectRatio=\"xMidYMid meet\" aria-labelledby='av-svg-title-3' aria-describedby='av-svg-desc-3' role=\"graphics-symbol\" aria-hidden=\"true\">\n<title id='av-svg-title-3'>Cog<\/title>\n<desc id='av-svg-desc-3'>Cog<\/desc>\n<path d=\"M24.32 16q0 2.304 2.56 3.904-0.384 1.28-1.088 2.624-2.24-0.576-4.352 1.408-1.728 1.856-1.088 4.352-1.28 0.64-2.688 1.152-1.472-2.624-4.224-2.624t-4.224 2.624q-1.408-0.512-2.688-1.152 0.64-2.56-1.088-4.352-1.728-1.728-4.352-1.088-0.448-0.832-1.088-2.624 2.624-1.664 2.624-4.224 0-2.304-2.624-3.968 0.64-1.792 1.088-2.624 2.368 0.576 4.352-1.408 1.728-1.792 1.088-4.352 1.344-0.704 2.688-1.088 1.472 2.56 4.224 2.56t4.224-2.56q1.344 0.384 2.688 1.088-0.64 2.496 1.088 4.352 2.112 1.984 4.352 1.408 0.704 1.344 1.088 2.624-2.56 1.6-2.56 3.968zM13.44 21.824q2.432 0 4.128-1.696t1.696-4.128-1.696-4.16-4.128-1.728-4.128 1.728-1.696 4.16 1.696 4.128 4.128 1.696z\"><\/path>\n<\/svg><\/span><\/div><article class=\"article-icon-entry \"  itemscope=\"itemscope\" itemtype=\"https:\/\/schema.org\/CreativeWork\" ><div class=\"iconlist_content_wrap\"><header class=\"entry-content-header\" aria-label=\"Icon: Modernste Technik\"><h4 class='av_iconlist_title iconlist_title  av_inherit_color'  itemprop=\"headline\" >Modernste Technik<\/h4><\/header><div class='iconlist_content av_inherit_color'  itemprop=\"text\" ><p>CNC-Bearbeitung, Laserschneiden, Pulverbeschichtung, Dichtungssch\u00e4umen \u2013 alles unter einem Dach.<\/p>\n<\/div><\/div><footer class=\"entry-footer\"><\/footer><\/article><div class=\"iconlist-timeline\"><\/div><\/li>\n<li><div class='iconlist_icon av-mbq3m5af-12863621ce908edc944b5f4da2426a52 avia-font-entypo-fontello avia-iconfont avia-font-entypo-fontello'><span class='av-icon-char' data-av_icon='\ue80b' data-av_iconfont='entypo-fontello' aria-hidden=\"true\"><\/span><\/div><article class=\"article-icon-entry \"  itemscope=\"itemscope\" itemtype=\"https:\/\/schema.org\/CreativeWork\" ><div class=\"iconlist_content_wrap\"><header class=\"entry-content-header\" aria-label=\"Icon: Zuverl\u00e4ssiger Partner\"><h4 class='av_iconlist_title iconlist_title  av_inherit_color'  itemprop=\"headline\" >Zuverl\u00e4ssiger Partner<\/h4><\/header><div class='iconlist_content av_inherit_color'  itemprop=\"text\" ><p>Pers\u00f6nliche Beratung, termingerechte Fertigung und ma\u00dfgeschneiderte L\u00f6sungen \u2013 f\u00fcr Industrie, Kommunen und Handwerk.<\/p>\n<\/div><\/div><footer class=\"entry-footer\"><\/footer><\/article><div class=\"iconlist-timeline\"><\/div><\/li>\n<li><div class='iconlist_icon av-mbq3mydm-8595eb0920fad50af05b62e673c1695f avia-font-entypo-fontello avia-iconfont avia-font-entypo-fontello'><span class='av-icon-char' data-av_icon='\ue864' data-av_iconfont='entypo-fontello' aria-hidden=\"true\"><\/span><\/div><article class=\"article-icon-entry \"  itemscope=\"itemscope\" itemtype=\"https:\/\/schema.org\/CreativeWork\" ><div class=\"iconlist_content_wrap\"><header class=\"entry-content-header\" aria-label=\"Icon: Zukunftsorientiert\"><h4 class='av_iconlist_title iconlist_title  av_inherit_color'  itemprop=\"headline\" >Zukunftsorientiert<\/h4><\/header><div class='iconlist_content av_inherit_color'  itemprop=\"text\" ><p>Nachhaltige Prozesse, Digitalisierung und Investitionen in moderne Fertigung sichern langfristige Qualit\u00e4t und Wettbewerbsf\u00e4higkeit.<\/p>\n<\/div><\/div><footer class=\"entry-footer\"><\/footer><\/article><div class=\"iconlist-timeline\"><\/div><\/li>\n<\/ul><\/div><\/p><\/div>\n<\/div><\/div><\/div><!-- close content main div --><\/div><\/div><div id='after_section_3'  class='main_color av_default_container_wrap container_wrap sidebar_right'  ><div class='container av-section-cont-open' ><div class='template-page content  av-content-small alpha units'><div class='post-entry post-entry-type-page post-entry-18'><div class='entry-content-wrapper clearfix'>\n<div  class='flex_column av-162tu-995780fc37b0fe6ec00ea2a3fbd18b19 av_one_full  avia-builder-el-13  el_after_av_section  avia-builder-el-no-sibling  first flex_column_div  '     ><p>\n<style type=\"text\/css\" data-created_by=\"avia_inline_auto\" id=\"style-css-av-mca5yd68-fb742995b4a95f6f9051b67e26a93b3f\">\n.avia-image-container.av-mca5yd68-fb742995b4a95f6f9051b67e26a93b3f img.avia_image{\nbox-shadow:none;\n}\n.avia-image-container.av-mca5yd68-fb742995b4a95f6f9051b67e26a93b3f .av-caption-image-overlay-bg{\nopacity:0.4;\nbackground-color:#000000;\n}\n.avia-image-container.av-mca5yd68-fb742995b4a95f6f9051b67e26a93b3f .av-image-caption-overlay-center{\ncolor:#ffffff;\n}\n<\/style>\n<div  class='avia-image-container av-mca5yd68-fb742995b4a95f6f9051b67e26a93b3f av-styling- avia-align-center  avia-builder-el-14  el_before_av_textblock  avia-builder-el-first  noHover av-overlay-hover-deactivate'   itemprop=\"image\" itemscope=\"itemscope\" itemtype=\"https:\/\/schema.org\/ImageObject\" ><div class=\"avia-image-container-inner\"><div class=\"avia-image-overlay-wrap\"><div class=\"av-image-caption-overlay\"><div class=\"av-caption-image-overlay-bg\"><\/div><div class=\"av-image-caption-overlay-position\"><div class=\"av-image-caption-overlay-center\"><\/div><\/div><\/div><img decoding=\"async\" fetchpriority=\"high\" class='wp-image-271 avia-img-lazy-loading-not-271 avia_image ' src=\"https:\/\/illing-schilling.de\/wp-content\/uploads\/2025\/06\/DE-V-Kofinanziert-von-der-Europ\u2592ischen-Union_PANTONE-296x300.png\" alt='' title='DE V Kofinanziert von der Europ\u2592ischen Union_PANTONE'  height=\"300\" width=\"296\"  itemprop=\"thumbnailUrl\" srcset=\"https:\/\/illing-schilling.de\/wp-content\/uploads\/2025\/06\/DE-V-Kofinanziert-von-der-Europ\u2592ischen-Union_PANTONE-296x300.png 296w, https:\/\/illing-schilling.de\/wp-content\/uploads\/2025\/06\/DE-V-Kofinanziert-von-der-Europ\u2592ischen-Union_PANTONE-80x80.png 80w, https:\/\/illing-schilling.de\/wp-content\/uploads\/2025\/06\/DE-V-Kofinanziert-von-der-Europ\u2592ischen-Union_PANTONE-768x778.png 768w, https:\/\/illing-schilling.de\/wp-content\/uploads\/2025\/06\/DE-V-Kofinanziert-von-der-Europ\u2592ischen-Union_PANTONE-36x36.png 36w, https:\/\/illing-schilling.de\/wp-content\/uploads\/2025\/06\/DE-V-Kofinanziert-von-der-Europ\u2592ischen-Union_PANTONE-696x705.png 696w, https:\/\/illing-schilling.de\/wp-content\/uploads\/2025\/06\/DE-V-Kofinanziert-von-der-Europ\u2592ischen-Union_PANTONE.png 910w\" sizes=\"(max-width: 296px) 100vw, 296px\" \/><\/div><\/div><\/div><br \/>\n<section  class='av_textblock_section av-mca5ze35-e03f1e75c938f4089f43ef16aef589c2 '   itemscope=\"itemscope\" itemtype=\"https:\/\/schema.org\/CreativeWork\" ><div class='avia_textblock'  itemprop=\"text\" ><h3 style=\"text-align: center;\">Die Einf\u00fchrung neuer Softwaresysteme f\u00fcr die Produktion zur<br \/>\nautomatisierten Erstellung von Fertigungsdaten aus CAD Daten der Kunden<br \/>\nwurde aus Mitteln der Europ\u00e4ischen Union kofinanziert<\/h3>\n<\/div><\/section><\/p><\/div>\n","protected":false},"excerpt":{"rendered":"","protected":false},"author":1,"featured_media":0,"parent":0,"menu_order":0,"comment_status":"closed","ping_status":"closed","template":"","meta":{"footnotes":""},"class_list":["post-18","page","type-page","status-publish","hentry"],"_links":{"self":[{"href":"https:\/\/illing-schilling.de\/index.php\/wp-json\/wp\/v2\/pages\/18","targetHints":{"allow":["GET"]}}],"collection":[{"href":"https:\/\/illing-schilling.de\/index.php\/wp-json\/wp\/v2\/pages"}],"about":[{"href":"https:\/\/illing-schilling.de\/index.php\/wp-json\/wp\/v2\/types\/page"}],"author":[{"embeddable":true,"href":"https:\/\/illing-schilling.de\/index.php\/wp-json\/wp\/v2\/users\/1"}],"replies":[{"embeddable":true,"href":"https:\/\/illing-schilling.de\/index.php\/wp-json\/wp\/v2\/comments?post=18"}],"version-history":[{"count":55,"href":"https:\/\/illing-schilling.de\/index.php\/wp-json\/wp\/v2\/pages\/18\/revisions"}],"predecessor-version":[{"id":502,"href":"https:\/\/illing-schilling.de\/index.php\/wp-json\/wp\/v2\/pages\/18\/revisions\/502"}],"wp:attachment":[{"href":"https:\/\/illing-schilling.de\/index.php\/wp-json\/wp\/v2\/media?parent=18"}],"curies":[{"name":"wp","href":"https:\/\/api.w.org\/{rel}","templated":true}]}}